 Let f(x) = -9*x + 5. Let b(g) = -24*f(g) - 5*h(g). Give b(i).
-8
Let l(v) = -v**2 + 5*v - 4. Let k = -40 - -46. Determine l(k).
-10
Suppose 2*r = 5*r - 6. Let g be (r/(-4))/((-2)/16). Let v(j) = 2*j + 1 - j + 2*j**2 - j**2 - g*j. Give v(2).
-1
Let a be -1 + 10 - (-23 - -26). Let r be (4/a)/((-2)/9). Let g(n) = 2*n**2 - 5*n. Let f(x) = x**2 - 4*x. Let y(w) = 3*f(w) - 2*g(w). Determine y(r).
-3
Suppose -6*f + 92 = -2*f. Suppose d = 4*v - f, -v = v + d - 13. Let r(c) = 7*c - 17. Let q(k) = -3*k + 8. Let g(t) = -5*q(t) - 2*r(t). Give g(v).
0
Let x(y) = -11*y**2 - 11*y - 9. Let f(s) = -31*s**2 - 32*s - 26. Let h(b) = -6*f(b) + 17*x(b). Give h(5).
3
Let d(n) be the third derivative of n**8/20160 - n**7/420 + 7*n**6/360 + 2*n**5/3 - 2*n**2. Let q(u) be the third derivative of d(u). Calculate q(10).
-6
Let h(y) = y**2 + 1. Let g(v) = -2*v**2 + v + 7. Let a(k) = -g(k) + 6*h(k). Let x be -10 - (-2)/(-2) - -10. What is a(x)?
8
Let r(g) = -2*g**2 + 5*g**3 - 35*g + 56*g - 5 - 30*g. Let m(p) = -p**3 + p**2 + p. Let l(i) = -4*m(i) - r(i). Give l(-4).
17
Let l(j) be the first derivative of j**2/2 - 3*j + 1. Let n(s) = -s**3 - 31*s**2 + 70*s + 136. Let x be n(-33). Give l(x).
1
Let i = 10 + -1. Suppose -6*d + i = -3*d. Let j(f) = -7 - 2*f**2 - 3*f**d + 6*f**2 + 2*f**3 + 5*f. Determine j(5).
-7
Let u(m) = -m**3 - 4*m**2 + 122*m + 581. Let h be u(-5). Suppose -4*j + 10 = -26. Let g(f) = -2 + 2*f - f**2 - j*f - 3. What is g(h)?
7
Let r(w) be the first derivative of 0*w + 1/3*w**3 - 1/2*w**2 + 1/4*w**4 + 1. Let o = 501 + -501. Give r(o).
0
Let y = 429 - 428. Let u(n) = -5*n. Calculate u(y).
-5
Let p(w) = -2*w - 21. Let c be -7 - -13 - (-5 - (-80)/4). Calculate p(c).
-3
Let p(w) = w**3 + 3*w**2 - 2*w. Let v = 38 + -78. Let a be (-2)/10 + (-5208)/v. Let q be 4/(-14) - a/35. Give p(q).
-8
Let x(v) = -2*v**2 + 50*v - 216. Let p be x(5). Let z(d) = d**3 + 15*d**2 - 18*d - 32. Determine z(p).
0
Suppose -3 = 6*m - 7*m. Let w(a) = 2*a**3 - 190*a**2 - 15*a + 24. Let l(g) = g**3 - 88*g**2 - 7*g + 11. Let j(v) = 13*l(v) - 6*w(v). Give j(m).
-13
Let t(u) = 4*u - 3. Let y be t(-9). Let h = 35 + y. Let n(x) = x**2 + 4*x - 5. Determine n(h).
-5
Let z(k) = k - 2. Let d(u) = u**2 - u + 29. Let i be d(0). Let b = i + -32. Calculate z(b).
-5
Let i(d) = -175*d + 703. Let m be i(4). Let w(b) be the second derivative of 1/20*b**5 + 9*b - 2/3*b**4 + 0 + 2*b**2 + 7/6*b**m. Calculate w(7).
4
Let z = 77 + -71. Let m(q) = -4*q**2 - q + 2. Let i(j) = -j**2. Let u(b) = z*i(b) - 2*m(b). What is u(-3)?
8
Let c(d) be the first derivative of d**3/3 + 7*d**2/2 - 24*d + 541. Give c(-10).
6
Let l(h) = 2*h - 9. Let c be l(5). Let d(y) = y**3 - c + 2*y**3 - 6*y**3 + 3*y**2 + 4*y + y**3. Suppose -7 - 23 = -10*o. Give d(o).
-16
Let w(c) be the third derivative of c**4/24 + 13*c**3/6 + 3*c**2 + 20*c. Determine w(-12).
1
Let u(o) = -9*o**3 - 2*o**2 - o. Let r(c) be the second derivative of -c**4/12 + c**3/6 + 3*c**2/2 - 6*c. Let z be r(4). Let p = -10 - z. Give u(p).
8
Let x(l) = l**2 - 7*l - 2. Let j(s) = -2*s**2 + 14*s + 2. Let d(h) = -3*j(h) - 5*x(h). Let v(o) = o - 3. Let b be v(6). Give d(b).
-8
Let o(m) be the first derivative of -1/2*m**2 + 4*m + 14. Determine o(-8).
12
Let j(y) = y**3 + 3*y**2 + 4. Let p(t) = 36*t - 4. Let q be p(0). What is j(q)?
-12
Let x(i) = i + 4*i - 3*i - i + 1. What is x(-3)?
-2
Suppose 15*x - 13*x = -12. Let z(h) = h**2 + 5*h - 6. Let k be z(x). Let d(p) = k - 1 - p + 3 + 5*p. What is d(-3)?
-10
Let a(m) = -m**2 - 33*m - 56. Let g be a(-31). Let b(z) = z**3 - 8*z**2 + 12*z + 7. What is b(g)?
7
Let l(x) = x + 1. Let i(h) = 7*h - 1. Let o be i(-5). Suppose -2*q + 1 - 7 = z, 24 = -4*q + 4*z. Let p be (q/6)/(8/o). Determine l(p).
4
Suppose -b = -2*b + 17. Suppose -h = 4*o - b, -1 = -0*h + 3*h - o. Let k(v) = -h + 5*v**2 + 0*v**2 + 1. Determine k(-1).
5
Suppose 37 = 4*q + 2*b + 3*b, 4*q - 2*b = 2. Let g be (-2 - q)/(-1) + -3. Let h(p) = -3*p**g - p - p**2 + p**3 + 6*p**2 + p**2. What is h(-3)?
3
Let h(n) be the second derivative of n**3/6 + 3*n**2/2 + 2*n - 3. Calculate h(0).
3
Let u(d) = 8*d - 3. Let l = -34 + 50. Suppose i - 8 = -3*i, 3*t + 5*i - l = 0. Calculate u(t).
13
Let y(b) = -13*b + 5. Let j be y(-2). Let i = j - 38. Let o(w) = w**2 + 7*w - 2. What is o(i)?
-2
Let j(u) = u - 3*u**2 - u**3 + 2*u**2 + 7*u**3 + 4*u**3 - 4*u**3. Calculate j(2).
46
Suppose 3*j + 7 = -5*a, 2*a + 2*j + 7 = a. Let v be a + -2 + 7 + 12. Suppose 0 = -5*d + 2*d - v. Let u(r) = r**2 + 6*r + 7. Give u(d).
7
Suppose -9*o - 24 = -17*o. Let q(k) = k**3 - 3*k**2 - k - 1. What is q(o)?
-4
Let r(b) = 1553*b + b**2 + 2*b**2 - b**3 - 1552*b. Suppose -4*x + 18 = 5*m, 4*x - 18 = -4*m - x. Calculate r(m).
6
Let l(j) = j**3 + j**2 - 2*j - 2. Let i be l(-2). Let a(t) be the first derivative of -t**4/4 - t**3/3 + t + 7. Determine a(i).
5
Let f(n) = -27*n + 31*n + 8 - 7*n. What is f(6)?
-10
Let i(y) = y**2 - 19*y + 34. Suppose 3*d - 45 = -3*z, -33*z - 72 = -37*z + 2*d. Give i(z).
0
Let w = -8 - 52. Let b = w + 54. Let s(y) be the third derivative of -y**5/60 - 7*y**4/24 - 3*y**3/2 + y**2. What is s(b)?
-3
Let g(h) = -h**2 - 5*h + 1. Let w be 20*((-1 - -13)/(-4) + 2). Let d be 3/(-6) - (w/(-8) + 2). What is g(d)?
1
Let v = 654 + -654. Let n(o) = -o - 8. Give n(v).
-8
Suppose 62*m = 58*m + 24. Let i(d) = -m*d - d - 1 - 13*d. What is i(1)?
-21
Let o(z) be the second derivative of -z**4/12 + 2*z**3/3 - 2*z**2 - 105*z + 2. Suppose 0 = -p - i + 10, -5*p = -p - 4*i. Suppose 12 + 3 = p*f. Calculate o(f).
-1
Let r(n) = -4*n**3 + n + 1. Suppose -3 + 0 = -f. Suppose -6 = -f*c + 9*c. Give r(c).
4
Let n(k) be the third derivative of k**7/840 - k**6/360 - k**5/120 + 5*k**4/12 - k**3/2 - 6*k**2. Let f(b) be the first derivative of n(b). Give f(0).
10
Let c(u) = -2*u + 1. Suppose -155 = 36*d + 25. What is c(d)?
11
Let t be (-4)/(8/(-38)) - 0. Let x = t - 16. Let s(o) = -5*o**3 - 2*o**3 + 4*o**2 + 4*o**x + 4*o**3. What is s(-4)?
0
Let c(h) = h**2 - 13*h + 12. Let g(q) = q**2 + q + 5. Let k be g(-3). Give c(k).
-10
Let v = -48 + 19. Let m = -26 - v. Let n(b) = 5 - 4*b + 0*b**2 - 5*b**2 + 0 + b**3 - m. Determine n(6).
14
Let d = -4/21 + 5/14. Let c(q) be the third derivative of 0*q - d*q**3 + 0 - 1/8*q**4 - 1/60*q**5 - 5*q**2. Give c(-2).
1
Suppose -17*u = 10*u - 162. Suppose -h + 3 = -5*z - 17, z + 4 = -4*h. Let v(x) = -3*x + h*x + 2*x + u - 2. Determine v(0).
4
Let z(c) = c**2 + 5*c + 8. Suppose -19*o + 14*o - 20 = 0. Give z(o).
4
Let r(s) be the third derivative of -s**7/5040 + 7*s**6/720 - 4*s**5/15 - 17*s**2. Let h(x) be the third derivative of r(x). What is h(6)?
1
Suppose -24 + 144 = 24*y. Let t(r) be the second derivative of y*r - 1/2*r**3 + 0 + 7/2*r**2. What is t(5)?
-8
Let p = -3 - -11. Let u(o) = 7*o**3 - 16*o**3 + 4*o + 2*o**2 + p*o**3 + 1. What is u(3)?
4
Suppose -5*g - 2*m + 34 = -0*m, 4*g = -3*m + 30. Suppose 0 + g = 2*i. Let c(f) = -f - i*f + 0*f. Determine c(1).
-4
Let i = -33 + 34. Let x(w) = 3*w**3 - w**2 + 2*w - 1. Calculate x(i).
3
Let y = -10 + 15. Suppose 0 = -p + 2 - 1, 0 = 4*i - 3*p + 3. Suppose n + 14 = 4*q, i = y*n - 3*q - 0*q + 19. Let b(g) = g**3 + 2*g**2 - 3*g - 2. Calculate b(n).
4
Let o = 246 + -253. Let t(g) = g**2 + 5*g - 3. What is t(o)?
11
Let l = -31 + 20. Let a = l - -15. Let v(d) = 2*d**2 + 9*d - 4. Let f(c) = -c**2 - 4*c + 2. Let j(u) = 13*f(u) + 6*v(u). Determine j(a).
-6
Let c(o) = 2*o + 4. Let n be 9/(-2) + 12/(-8). Let x be 2 + n/((-12)/10). Give c(x).
18
Let q be (104/(-1 + -3))/2. Let h(i) = -i**2 - 13*i - 8. Give h(q).
-8
Let t = -1 - -5. Let l(o) = -6*o**3 - 5 + 5*o**2 + 2 - 3*o + 5*o**3 + t*o. Let n(i) = i**2 + 8*i - 4. Let v be n(-9). Determine l(v).
2
Let i = -130 + 137. Let g(b) = b**2 - 11*b + 12. Let m(f) = -f + 1. Let q(r) = -g(r) + 2*m(r). Give q(i).
4
Let a(p) be the second derivative of 5/2*p**2 + 3*p + 0 + 1/6*p**3. Determine a(4).
9
Let x(a) be the second derivative of a**5/20 + a**4/3 + 2*a**3/3 - a**2/2 - a - 7. What is x(-3)?
-4
Let v(t) = -t**3 + 7*t**2 - 4*t - 4. Let x = -1 + 5. Suppose -5 + 21 = x*r. Let s(k) = 2*k - 2. Let m be s(r). Calculate v(m).
8
Suppose 5 = -5*d - 5*z, -3*z + 0*z = 4*d + 7. Let w = 1 - -2. Let n(y) = -4*y**3 + 5 + 2*y**w - y - 5*y**2 + y**3. What is n(d)?
-7
Let j(r) = -7*r + 0*r + 0*r + 5*r + 7. What is j(-9)?
25
Let h(t) = 2*t - 3. L